ulate l(-70).
296
Let z(m) = 3743*m + 546410. What is z(-146)?
-68
Let n(t) = -6*t**2 - 22561*t + 90300. Determine n(4).
-40
Let g(y) = y**2 - 148*y + 4346. Give g(85).
-1009
Let k(u) = u**3 + 365*u**2 + 737*u + 4. Calculate k(-2).
-18
Let i(k) = -2015*k + 14396. What is i(9)?
-3739
Let m(b) = -b**3 - 19*b**2 - 94*b - 7. Determine m(-14).
329
Let p(a) = -9*a**3 - 64*a**2 + 112*a + 821. Determine p(-7).
-12
Let l(b) = -19*b**2 + 10788*b - 235997. What is l(545)?
-12
Let u(o) = 3*o**3 - 6*o**2 - 85*o - 442. Give u(8).
30
Let b(o) = -2*o**3 + 841*o**2 + 475*o - 22609. Calculate b(421).
125
Let s(p) = -432*p - 1146. Give s(-1).
-714
Let w(l) = 13*l**3 + 28*l**2 + 49*l - 86. Give w(-3).
-332
Let p(l) = -61*l**2 + 1461*l - 7787. Give p(8).
-3
Let r(u) = -17*u**2 + 2256*u + 13595. Give r(-6).
-553
Let i(h) = h**3 + 13*h**2 - 1744*h - 14267. Give i(-8).
5
Let s(c) = 35*c**2 + 86*c - 301. What is s(2)?
11
Let i(w) = -733*w + 119469. Give i(163).
-10
Let o(d) = 544*d + 20325. What is o(-41)?
-1979
Let u(p) = -2*p**2 + 348*p + 63787. Calculate u(-112).
-277
Let l(a) = 39864*a - 79583. Determine l(2).
145
Let z(y) = 2995*y**2 - 17972*y + 16. Determine z(6).
4
Let y(k) = 771*k - 59374. What is y(77)?
-7
Let a(k) = 6237*k + 124762. Give a(-20).
22
Let i(n) = -2*n**3 + 274*n**2 - 1825*n + 53. Calculate i(130).
-597
Let z(a) = -69*a**2 - 4900*a - 40. Calculate z(-71).
31
Let h(s) = 2*s**2 - 483*s - 4513. What is h(-10)?
517
Let p(r) = -722241*r + 722233. Determine p(1).
-8
Let z(i) = -8*i**3 + 51*i**2 + 5*i - 67. Give z(6).
71
Let h(m) = 620*m**2 + 3702*m - 118. What is h(-6)?
-10
Let x(k) = 4*k**2 + 1600*k - 46105. Determine x(-427).
11
Let j(x) = -x**3 + 112*x**2 + 463*x - 1463. Give j(-6).
7
Let f(u) = 37080*u + 6. What is f(0)?
6
Let a(f) = -2725*f + 46343. Determine a(17).
18
Let d(m) = 14115*m - 352937. Determine d(25).
-62
Let u(a) = -285*a + 1620. Calculate u(6).
-90
Let a(b) = -b**3 - 173*b**2 - 7052*b + 554. Determine a(-66).
-106
Let y(l) = -6*l**2 + 565*l - 10888. Give y(26).
-254
Let l(j) = -19*j + 1907. What is l(34)?
1261
Let w(z) = -7215*z + 10223674. Determine w(1417).
19
Let d(q) = -10*q**3 - 70*q**2 + 444*q + 4155. What is d(-9)?
1779
Let m(o) = o**3 - 34*o**2 + 191*o + 31. Calculate m(28).
675
Let z(w) = 12*w**3 + 90*w**2 + 5*w - 9. Give z(-9).
-1512
Let a(g) = 3*g**2 - 759*g + 5268. What is a(7)?
102
Let y(m) = 2943*m + 18269. Determine y(-6).
611
Let k(i) = 1811*i - 43409. Calculate k(24).
55
Let t(z) = -z**2 - 839*z - 26570. Give t(-33).
28
Let x(p) = -39*p - 2046. What is x(-59)?
255
Let h(n) = 3129*n - 50060. Calculate h(16).
4
Let m(o) = o**3 - 69*o**2 - 440*o - 474. Give m(75).
276
Let f(s) = 4566*s - 13725. Give f(3).
-27
Let c(f) = 12195*f + 85318. What is c(-7)?
-47
Let a(h) = -6*h**2 + 55*h - 504. Determine a(14).
-910
Let i(j) = -2*j**2 - 58*j + 6626. Give i(45).
-34
Let y(x) = -3254*x - 605264. Calculate y(-186).
-20
Let l(f) = -f**3 - 15*f**2 + 192*f + 3068. Give l(-17).
382
Let x(o) = -o**3 + 28*o**2 + 208*o + 24. What is x(33)?
1443
Let z(v) = -117*v**2 - 424*v + 1569. Calculate z(-6).
-99
Let b(p) = 33626*p - 9852406. Determine b(293).
12
Let j(y) = y**3 + 41*y**2 - 33*y - 2875. Calculate j(-40).
45
Let c(p) = 12*p**2 + 4839*p - 24191. Determine c(5).
304
Let t(k) = -k**3 - 2142*k**2 - 23441*k - 2. Determine t(-11).
-2
Let y(w) = -4*w**2 - 116*w + 364. Determine y(-44).
-2276
Let x(y) = -13623*y - 76218. What is x(-6)?
5520
Let w(g) = -13*g**2 + 237*g - 648. Determine w(35).
-8278
Let k(o) = o**2 - 181*o + 3698. Determine k(24).
-70
Let z(b) = 2*b**2 - 5804*b - 93321. Determine z(-16).
55
Let n(h) = -93*h + 4202. Calculate n(45).
17
Let y(q) = 5*q**3 - 139*q**2 + 918*q - 290. What is y(10)?
-10
Let k(u) = 3*u**3 + 384*u**2 + 2541*u - 8. Calculate k(-121).
-8
Let p(m) = -29480*m + 2004643. What is p(68)?
3
Let w(t) = -t**3 + 16*t**2 + 58*t + 442. What is w(20)?
2
Let k(l) = -l**3 + 68*l**2 - 132*l + 670. Calculate k(66).
670
Let f(s) = -s**3 + 44*s**2 - 100*s - 883. What is f(41)?
60
Let g(p) = -478*p - 130676. Calculate g(-268).
-2572
Let l(j) = -j**2 - 106*j - 2531. Determine l(-41).
134
Let i(z) = -2753*z + 46269. What is i(17)?
-532
Let v(p) = -p**3 - 17*p**2 - 104*p + 556. Give v(-13).
1232
Let v(k) = -13*k**2 - 88*k + 1699. Give v(9).
-146
Let h(g) = g**2 + 88*g - 5220. Calculate h(-130).
240
Let f(u) = -125133*u - 375384. Calculate f(-3).
15
Let d(n) = 7055*n + 56315. What is d(-8)?
-125
Let k(r) = -r**3 + 69*r**2 - 619*r + 42586. Calculate k(69).
-125
Let p(w) = -279*w + 105189. Give p(377).
6
Let f(o) = -367*o + 12308. Calculate f(33).
197
Let m(q) = 3*q**3 - 28*q**2 - 5295*q + 47707. Give m(9).
-29
Let g(f) = 10*f**2 + 4742*f + 5013. What is g(-473)?
-663
Let g(a) = -a**3 + 265*a**2 - 4677*a + 89. Determine g(19).
32
Let o(d) = -d**2 - 487*d + 2909. Calculate o(6).
-49
Let b(h) = h**2 - 14657*h + 307363. What is b(21)?
7
Let n(i) = -8746*i + 209902. What is n(24)?
-2
Let o(a) = 21*a**2 - 221*a - 52. Determine o(12).
320
Let f(y) = -153*y**2 - 940*y - 130. Calculate f(-6).
2
Let l(y) = 810*y + 873178. What is l(-1078)?
-2
Let g(v) = -431*v - 203. Determine g(-2).
659
Let v(a) = -2*a**3 + 2356*a**2 - 144706*a + 17823. Give v(1113).
15
Let n(w) = -w**3 - 13*w**2 + 5*w + 13. Give n(-20).
2713
Let d(u) = -21*u**2 + 159*u + 616. Calculate d(10).
106
Let d(a) = 17*a**2 + 4676*a + 149939. Give d(-238).
-1
Let t(d) = d**3 - 27*d**2 + 232*d - 5834. Calculate t(25).
-1284
Let b(r) = 137*r**3 + 35*r**2 + 28*r - 7. Give b(-1).
-137
Let x(l) = 2*l**3 - 27*l**2 + 14*l + 409. Determine x(11).
-42
Let j(h) = 85*h - 13008. Give j(148).
-428
Let i(v) = 20326*v + 182905. Determine i(-9).
-29
Let n(k) = k**3 + 202*k**2 - 1947*k + 76. Calculate n(9).
-356
Let s(i) = -190*i - 45408. Give s(-239).
2
Let u(w) = 6*w**3 + 72*w**2 + 36*w + 342. Determine u(-12).
-90
Let d(f) = -518396*f + 15551870. Determine d(30).
-10
Let b(y) = 6735*y - 168572. Give b(25).
-197
Let d(l) = -293078*l**2 - 2637705*l - 19. What is d(-9)?
8
Let k(n) = -n**2 - 216*n - 3413. Give k(-195).
682
Let p(a) = -2041*a - 1896073. Give p(-929).
16
Let s(z) = -z**3 - 56*z**2 + 216*z - 444. Give s(-58).
-6244
Let a(b) = 2*b**3 - 9*b**2 + 6*b - 1638. Determine a(11).
1
Let o(n) = n**3 - 24*n**2 - 490*n + 7656. What is o(32)?
168
Let x(g) = -7722*g + 2355203. Determine x(305).
-7
Let f(n) = 22*n**3 + 3*n**2 + 164*n - 683. Determine f(4).
1429
Let s(y) = -56*y**3 - 16*y**2 + 107*y - 184. Determine s(3).
-1519
Let r(i) = 851*i + 31642. What is r(-38)?
-696
Let n(l) = l**3 - 651*l**2 - 58489*l + 6541. Determine n(731).
-38
Let n(s) = -s**3 + 61*s**2 + 1609*s + 9259. Calculate n(82).
-7
Let p(y) = 731*y**2 - 41668*y + 47. Calculate p(57).
-10
Let v(h) = 2*h**3 - 93*h**2 - 2234*h - 322. Give v(64).
62
Let g(y) = -3*y**2 - 14081*y - 769. What is g(0)?
-769
Let a(u) = 182*u**2 + 715*u - 43. Give a(-4).
9
Let r(t) = 6*t**3 + 2102*t**2 + 681*t - 6715. Calculate r(-350).
-65
Let s(x) = -24607*x + 47. Give s(0).
47
Let j(m) = 448*m**3 + 13*m**2 - 6*m - 6. What is j(1)?
449
Let p(s) = -10*s**2 - 217*s - 1171. What is p(-10)?
-1
Let r(i) = -10*i**2 + 117*i - 1083. Calculate r(12).
-1119
Let f(o) = o**2 + 2915*o + 151555. Calculate f(-53).
-131
Let k(r) = 34636*r + 5714931. Determine k(-165).
-9
Let p(v) = -15*v**2 - 591*v + 384. Calculate p(-40).
24
Let v(r) = 3*r**2 - 111*r + 1493. Calculate v(32).
1013
Let u(h) = 1077*h + 48467. Give u(-45).
2
Let q(f) = -f**3 - 29*f**2 + 684*f - 2215. Calculate q(4).
-7
Let a(k) = k**2 - 1030*k + 22197. What is a(22)?
21
Let t(w) = -2006*w + 2812. Determine t(1).
806
Let w(a) = -954*a**2 - 14327*a + 106. What is w(-15)?
361
Let p(q) = 2*q**2 + 56649*q - 1474273. Give p(26).
-47
Let p(g) = 1738*g - 10720. Give p(6).
-292
Let k(p) = 24*p**2 - 1545*p - 7660. Calculate k(69).
-1
Let r(o) = -2*o**3 + o**2 - 252*o - 820. Determine r(-3).
-1
Let y(h) = -2056*h + 2045. Determine y(1).
-11
Let s(n) = n**2 - 222*n + 11697. Give s(42).
4137
Let u(n) = 1205*n - 21688. What is u(18)?
2
Let t(l) = -9*l**3 + 13*l + 1. Determine t(-4).
525
Let f(k) = 3*k**3 + 64*k**2 + 164*k + 1903. Determine f(-20).
223
Let o(h) = -10*h**3 - 10*h**2 + 12*h + 7. Calculate o(-5).
947
Let n(f) = -f**3 - 61*f**2 + 230*f + 2375. Determine n(-64).
-57
Let c(x) = -2*x**3 + 371*x**2 + 2